22211010200 (base 3) to base 11
-6663537
Convert 3598731 (base 12) to base 7.
154300132
What is 15312461 (base 7) in base 11?
911095
Convert 28888126 (base 9) to base 4.
312232333323
3033402 (base 5) to base 3
2111112020
What is 664064 (base 7) in base 2?
11100011110111010
201516424 (base 7) to base 4
230301032113
758335 (base 10) to base 3
1102112020111
Convert -224212413 (base 5) to base 2.
-11110101111010000001
What is -1011002102 (base 6) in base 12?
-3599332
Convert -22222021211001 (base 3) to base 5.
-2210101414
-561374 (base 8) to base 11
-11a152
Convert 1033555 (base 9) to base 3.
1001010121212
Convert -2802a3 (base 12) to base 11.
-413933
What is 153c4 (base 16) in base 14?
239ac
What is 9411fe (base 16) in base 3?
200021000021222
-180511 (base 11) to base 3
-112011102210
Convert 15376361 (base 9) to base 7.
122114311
Convert -eead8b (base 16) to base 7.
-246645325
-4295a1 (base 14) to base 7
-25105161
22450521 (base 6) to base 15
d9ae1
Convert 1301131204 (base 5) to base 4.
30000001030
-140ff (base 16) to base 4
-110003333
11a8a (base 14) to base 16
a8ea
Convert 624277 (base 10) to base 12.
261331
What is -102012222112 (base 3) in base 15?
-4569e
3641102 (base 7) to base 2
1110001001110101011
Convert -1403424 (base 6) to base 15.
-1842d
Convert -698060 (base 10) to base 11.
-437510
What is 139242 (base 11) in base 2?
110101000010011001
Convert -14048077 (base 9) to base 16.
-69e8cf
10417 (base 16) to base 14
1a39d
-1834986 (base 10) to base 7
-21411546
Convert 136282 (base 9) to base 16.
1458e
What is 16739f (base 16) in base 2?
101100111001110011111
1222211230 (base 4) to base 6
13205124
-120021202 (base 4) to base 8
-301142
c5d2 (base 14) to base 16
852c
What is 3523346 (base 7) in base 15?
8b3ce
-10110110010001111000010 (base 2) to base 7
-101524535
Convert 65421 (base 7) to base 12.
9550
What is -1101001001010001 (base 2) in base 8?
-151121
35255130 (base 6) to base 9
2050700
Convert 4121341 (base 7) to base 3.
221000220001
What is -25363 (base 9) in base 7?
-100521
What is e606 (base 16) in base 9?
88688
What is -918966 (base 10) in base 14?
-19cc86
Convert 5167b (base 13) to base 9.
242383
Convert 243321 (base 5) to base 13.
4267
-20113311 (base 4) to base 14
-c6d7
Convert 1ee87e (base 15) to base 5.
342023134
Convert 2122112 (base 5) to base 11.
24a83
What is 719b41 (base 12) in base 11?
1006170
Convert 41400230 (base 6) to base 15.
189c99
Convert 204033554 (base 6) to base 13.
974167
Convert -947d1 (base 14) to base 11.
-2251a5
Convert 267124 (base 11) to base 5.
101410122
What is -26290 (base 13) in base 11?
-49187
Convert 405320 (base 7) to base 4.
100313300
Convert -242dc (base 14) to base 9.
-144225
Convert 35157 (base 11) to base 4.
30121021
-110100010000010001 (base 2) to base 8
-642021
Convert 32443252 (base 7) to base 16.
2a7ab3
What is -10513241 (base 10) in base 3?
-201210010110022
What is 198b06 (base 12) in base 10?
450870
Convert 98606 (base 10) to base 13.
35b61
6777 (base 11) to base 6
105141
What is -5032020 (base 6) in base 4?
-322000230
What is -1322202003 (base 4) in base 13?
-1475a0
What is 116b2 (base 16) in base 14?
1c002
a1498 (base 13) to base 16
46760
1003201121 (base 4) to base 6
5532225
Convert -236c74 (base 14) to base 16.
-1275d6
1000101001100000101 (base 2) to base 15
58e82
Convert acaa1 (base 13) to base 2.
1001100100111000011
What is -5e412 (base 15) in base 16?
-498ec
What is 63341461 (base 7) in base 16?
51b53c
-1122224101 (base 5) to base 10
-2539276
-641118 (base 11) to base 3
-1221010212122
What is 408075 (base 11) in base 7?
5365300
What is -13024012 (base 6) in base 11?
-26a0a0
Convert -102021101 (base 4) to base 6.
-1332025
Convert 702a9 (base 16) to base 12.
1a1a61
23755a (base 11) to base 2
1011011110011001100
131ab3 (base 16) to base 4
10301222303
Convert ba68 (base 13) to base 16.
6557
Convert -428606 (base 10) to base 3.
-210202221022
-11261044 (base 7) to base 9
-1767411
What is 6163471 (base 9) in base 11?
1947609
What is 11ea0a (base 15) in base 3?
1121200000201
What is -1000210102212 (base 3) in base 4?
-2011203332
What is 1565141 (base 7) in base 9?
361782
132301121 (base 4) to base 14
33d0d
10a951 (base 11) to base 6
3432310
What is -11010100001000101110 (base 2) in base 3?
-1122010220212
Convert -12101002211 (base 3) to base 11.
-72525
-321133552 (base 6) to base 12
-1a8a2b8
Convert -11212000020 (base 3) to base 8.
-272421
What is 14a217 (base 11) in base 12?
b2b41
-2401000 (base 6) to base 16
-1e6d8
Convert 2111030301 (base 4) to base 11.
388165
66270a8 (base 11) to base 9
23802338
What is 4543d (base 14) in base 7?
1300306
551443 (base 7) to base 15
1d95a
What is -16373107 (base 8) in base 3?
-21010222200212
What is -15a876 (base 11) in base 15?
-4d9e7
What is 10b9b1 (base 16) in base 5?
240033423
What is -10011110101011010 (base 2) in base 13?
-2ac95
What is -1041230 (base 6) in base 13?
-1a973
Convert -210204143 (base 6) to base 5.
-1413440042
1b257 (base 12) to base 15
bd34
Convert -88325 (base 11) to base 12.
-62206
Convert 100111101001100110011001 (base 2) to base 12.
3593075
What is -12122141 (base 5) in base 11?
-78759
What is 14c14 (base 16) in base 8?
246024
What is 110022002012 (base 3) in base 15?
4bae2
-11223203 (base 5) to base 15
-201d8
What is 30331320322 (base 4) in base 13?
92029c
-23c7c (base 15) to base 16
-1be10
Convert 25754105 (base 8) to base 12.
1b17719
What is 7280835 (base 9) in base 4?
32312002121
What is 1aa96 (base 13) in base 10?
52344
Convert -11001101000000010011100 (base 2) to base 16.
-66809c
10236040 (base 7) to base 3
1122000112121
-6248841 (base 10) to base 13
-13aa351
4265a2 (base 11) to base 13
1ab681
-93759 (base 10) to base 15
-1cba9
Convert 682551 (base 9) to base 16.
63c73
Convert -3d4b8 (base 16) to base 13.
-8a378
Convert -17a766 (base 15) to base 6.
-40344123
What is 245105 (base 8) in base 9?
137873
-277255 (base 9) to base 2
-101001010101111100
Convert -3885463 (base 9) to base 5.
-1020420404
240204320 (base 5) to base 6
35331145
Convert 10000101000101000 (base 2) to base 3.
10110110120
8032140 (base 9) to base 4
100103022102
What is 1261a0 (base 12) in base 7?
2362236
What is -34350 (base 14) in base 9?
-213040
-2231211130 (base 4) to base 16
-ad95c
What is 15111 (base 7) in base 5?
113143
500026 (base 7) to base 4
110201113
What is -3680485 (base 11) in base 10?
-6398694
-130332222 (base 4) to base 13
-42048
Convert -102012022221 (base 3) to base 8.
-656357
What is -11104045 (base 6) in base 5?
-41212021
Convert 3601614 (base 8) to base 4.
3300032030
What is -21238281 (base 9) in base 2?
-100111000100010011001011
4131360 (base 8) to base 11
688255
What is 26962 (base 16) in base 10?
158050
Convert -1441251 (base 6) to base 8.
-242477
409a01 (base 11) to base 8
2403762
Convert -99208 (base 10) to base 4.
-120032020
21014235 (base 6) to base 7
5113610
1444431211 (base 5) to base 16
3b969d
-152102 (base 8) to base 13
-1b96b
-312204223 (base 5) to base 6
-43335131
Convert -27dd8 (base 14) to base 12.
-491b6
Convert -1378833 (base 9) to base 3.
-1102122221010
-3a95515 (base 11) to base 15
-948193
-5713665 (base 9) to base 3
-12210110202012
Convert 6657341 (base 8) to base 16.
1b5ee1
Convert -232241042 (base 6) to base 14.
-803cb0
What is 248083 (base 9) in base 10?
150249
What is -202121002101012 (base 3) in base 12?
-37ba235
What is 23132222112 (base 4) in base 7?
34402050
2112030 (base 10) to base 3
10222022011100
Convert 110001011011011001010111 (base 2) to base 16.
c5b657
What is -30c03 (base 14) in base 4?
-130231203
What is -21222203 (base 4) in base 15?
-bae2
Convert 20d66c (base 14) to base 9.
2075163
4213103 (base 6) to base 3
101101001110
What is -172bb (base 14) in base 9?
-87725
What is -1100100111011100000 (base 2) in base 14?
-aa932
14441460 (base 7) to base 13
390390
What is 114016014 (base 7) in base 9?
14255153
1031113100 (base 4) to base 8
1152720
Convert -558328 (base 9) to base 2.
-1010001100101000111
Convert -3330311222 (base 4) to base 3.
-1221121121112
5560310 (base 9) to base 15
3e1813
-102875 (base 11) to base 7
-1254234
Convert 1101001111100001000 (base 2) to base 15.
88888
What is d5a (base 15) in base 13?
14a7
Convert 183a9b (base 13) to base 15.
c0310
Convert -120103121003 (base 4) to base 2.
-1